{"id":2,"date":"2008-11-24T21:32:46","date_gmt":"2008-11-24T20:32:46","guid":{"rendered":"http:\/\/www.verein-sonnenblume.de\/php\/?page_id=2"},"modified":"2024-07-09T22:35:24","modified_gmt":"2024-07-09T20:35:24","slug":"ueber","status":"publish","type":"page","link":"https:\/\/www.soblume.de\/?page_id=2","title":{"rendered":"\u00dcber uns"},"content":{"rendered":"<p><strong><span style=\"color: #008000;\">Wir m\u00f6chten uns vorstellen &#8230;<\/span><\/strong><\/p>\n<p><span style=\"color: #000000;\">Von der Vereinsgr\u00fcndung bis heute haben wir die wunderbare F\u00fchrung Gottes erlebt.<br \/>\n<!--intlink:81:mehr lesen ...--><\/span><\/p>\n<p>Unser Vorbild Jesus Christus ist auch unser Leitbild geworden. Wir wollen andere Menschen unterst\u00fctzen, einfach Hilfe im Alltag anbieten.<\/p>\n","protected":false},"excerpt":{"rendered":"<p>Wir m\u00f6chten uns vorstellen &#8230; Von der Vereinsgr\u00fcndung bis heute haben wir die wunderbare F\u00fchrung Gottes erlebt. Unser Vorbild Jesus Christus ist auch unser Leitbild geworden. Wir wollen andere Menschen unterst\u00fctzen, einfach Hilfe im Alltag anbieten.<\/p>\n","protected":false},"author":1,"featured_media":0,"parent":0,"menu_order":0,"comment_status":"closed","ping_status":"closed","template":"","meta":{"footnotes":""},"class_list":["post-2","page","type-page","status-publish","hentry"],"_links":{"self":[{"href":"https:\/\/www.soblume.de\/index.php?rest_route=\/wp\/v2\/pages\/2","targetHints":{"allow":["GET"]}}],"collection":[{"href":"https:\/\/www.soblume.de\/index.php?rest_route=\/wp\/v2\/pages"}],"about":[{"href":"https:\/\/www.soblume.de\/index.php?rest_route=\/wp\/v2\/types\/page"}],"author":[{"embeddable":true,"href":"https:\/\/www.soblume.de\/index.php?rest_route=\/wp\/v2\/users\/1"}],"replies":[{"embeddable":true,"href":"https:\/\/www.soblume.de\/index.php?rest_route=%2Fwp%2Fv2%2Fcomments&post=2"}],"version-history":[{"count":1,"href":"https:\/\/www.soblume.de\/index.php?rest_route=\/wp\/v2\/pages\/2\/revisions"}],"predecessor-version":[{"id":3327,"href":"https:\/\/www.soblume.de\/index.php?rest_route=\/wp\/v2\/pages\/2\/revisions\/3327"}],"wp:attachment":[{"href":"https:\/\/www.soblume.de\/index.php?rest_route=%2Fwp%2Fv2%2Fmedia&parent=2"}],"curies":[{"name":"wp","href":"https:\/\/api.w.org\/{rel}","templated":true}]}}